{"id":4635,"date":"2024-06-24T01:04:14","date_gmt":"2024-06-24T01:04:14","guid":{"rendered":"https:\/\/www.croatiabooks.com.au\/?post_type=product&#038;p=4635"},"modified":"2024-06-24T01:08:32","modified_gmt":"2024-06-24T01:08:32","slug":"davolja-kci","status":"publish","type":"product","link":"https:\/\/www.croatiabooks.com.au\/?product=davolja-kci","title":{"rendered":"\u0110avolja k\u0107i"},"content":{"rendered":"<div class=\"ygGdYd related-question-pair\" data-ved=\"2ahUKEwjew-SJkO7vAhWfzzgGHTNkBeUQq7kBKAF6BAgREAY\">\n<div id=\"_zLBuYN6tEZ-f4-EPs8iVqA432\" class=\"mWyH1d UgLoB\" tabindex=\"0\" role=\"button\" aria-controls=\"_zLBuYN6tEZ-f4-EPs8iVqA431\" aria-expanded=\"false\">\n<div class=\"cbphWd\" data-kt=\"Ki7x2vyts7O990mSiqOupr7Ogx39qoLkm86Rliu_wY6G4_OghhyMrryK2Ja-htcB\" data-hveid=\"CBEQBw\" data-ved=\"2ahUKEwjew-SJkO7vAhWfzzgGHTNkBeUQuk4oAHoECBEQBw\">O knjizi:<\/div>\n<div data-kt=\"Ki7x2vyts7O990mSiqOupr7Ogx39qoLkm86Rliu_wY6G4_OghhyMrryK2Ja-htcB\" data-hveid=\"CBEQBw\" data-ved=\"2ahUKEwjew-SJkO7vAhWfzzgGHTNkBeUQuk4oAHoECBEQBw\"><\/div>\n<\/div>\n<div id=\"_zLBuYN6tEZ-f4-EPs8iVqA431\" class=\"gy6Qzb S8PBwe\" aria-labelledby=\"_zLBuYN6tEZ-f4-EPs8iVqA432\">\n<div>\n<div id=\"_zLBuYN6tEZ-f4-EPs8iVqA433\" class=\"y8URue\" data-hveid=\"CBEQCA\" data-ved=\"2ahUKEwjew-SJkO7vAhWfzzgGHTNkBeUQu04oAXoECBEQCA\">\n<div class=\"VWE0hc\">\n<div class=\"g\">\n<div class=\"tF2Cxc\" data-hveid=\"CAoQAA\" data-ved=\"2ahUKEwjew-SJkO7vAhWfzzgGHTNkBeUQFSgAMAZ6BAgKEAA\">\n<div class=\"IsZvec\">\n<p>\u0110avolja k\u0107i peti je roman iz serije o obitelji Ravenel.<\/p>\n<p>Iako prelijepa mlada udovica Phoebe,\u00a0<em>lady<\/em>\u00a0Clare, nikada nije upoznala Westa Ravenela, jedno je sigurno: on je be\u0161\u0107utni, pokvareni nasilnik. Njezinom je pokojnom suprugu \u017eivot zagor\u010davao jo\u0161 dok su bili djeca, a to mu nikada ne\u0107e oprostiti. Sre\u0107om, na obiteljskom vjen\u010danju upoznaje predivnog, iznimno \u0161armantnog stranca pred \u010dijom pojavom jedva ostaje stalo\u017eena, a njegovo ime ni malo ne poma\u017ee: West Ravenel glavom i bradom.<\/p>\n<p>West je \u010dovjek \u010dija se prljava pro\u0161lost ne da opravdati. Nema isprika, nema izgovora. Me\u0111utim, od trenutka kada je upoznao Phoebe, Westa obuzima neodoljiva \u017eudnja\u2026 i gorka svijest o tome da je \u017eena poput\u00a0<em>lady<\/em>\u00a0Clare njemu nedosti\u017ena. Ipak, ono \u010dega West jo\u0161 nije svjestan jest to da je ova naoko suzdr\u017eana aristokratkinja k\u0107i svojeglave drznice i najozlogla\u0161enijeg razvratnika u cijeloj Engleskoj. Upravo West Ravenel zapalit \u0107e vatrenu narav Phoebe Clare, no ho\u0107e li nepodno\u0161ljiva privla\u010dnost i nezamislivo zadovoljstvo biti dovoljni da nadvladaju vastite strahove i predrasude?<\/p>\n<p><strong>O autorici romana \u0110avolja k\u0107i:<\/strong><\/p>\n<p>LISA KLEYPAS jedna je od naj\u010ditanijih i najomiljenijih ameri\u010dkih autorica ljubavnih romana, \u010dije su brojne knjige postale veliki svjetski bestseleri. Na\u0161i su je \u010ditatelji mogli upoznati \u010ditaju\u0107i romane Slatkorje\u010divi neznanac, Sponzor, Vrag plavih o\u010diju, Djevojka sme\u0111ih o\u010diju, Jedne strasne zime, Dogodilo se jedne jeseni, Tajne ljetne no\u0107i, Proljetni skandal, Na bo\u017ei\u0107no jutro, Jedne no\u0107i u pono\u0107, Zavedi me u zoru, Isku\u0161aj me u sumrak, U braku do jutra, Hladnorkrvi zavodnik i Udaja za Winterbornea.<\/p>\n<\/div>\n<\/div>\n<\/div>\n<\/div>\n<div class=\"iOBnre\"><\/div>\n<\/div>\n<\/div>\n<\/div>\n<\/div>\n<div class=\"ygGdYd related-question-pair\" data-ved=\"2ahUKEwjew-SJkO7vAhWfzzgGHTNkBeUQq7kBKAJ6BAgREAo\">\n<div id=\"_zLBuYN6tEZ-f4-EPs8iVqA436\" class=\"mWyH1d UgLoB\" tabindex=\"0\" role=\"button\" aria-controls=\"_zLBuYN6tEZ-f4-EPs8iVqA435\" aria-expanded=\"false\"><\/div>\n<\/div>\n","protected":false},"excerpt":{"rendered":"<div class=\"c2 side\">\n<div class=\"book__image book\">\n<figure><strong>Author: Lisa Kleypas<\/strong><\/figure>\n<p><strong>Broj stranica: <\/strong>380<\/p>\n<p><strong>Godina izdanja: <\/strong>2021.<\/p>\n<p><strong>ISBN: <\/strong>9789531430029<\/p>\n<p><strong>Strani naslov: <\/strong>Devil&#8217;s Daughter<\/p>\n<p><strong>Prevoditelj: <\/strong>Viktorija Novosel<\/p>\n<p><strong>Uvez: <\/strong>meki<\/p>\n<p><strong>Dimenzije: <\/strong>14 x 20 cm<\/p>\n<p><strong>Te\u017eina: <\/strong>405 g<\/p>\n<p><strong>Nakladnik:<\/strong>\u00a0Mozaik knjiga<\/p>\n<\/div>\n<\/div>\n","protected":false},"featured_media":4636,"template":"","meta":{"site-sidebar-layout":"default","site-content-layout":"default","ast-site-content-layout":"default","site-content-style":"default","site-sidebar-style":"default","ast-global-header-display":"","ast-banner-title-visibility":"","ast-main-header-display":"","ast-hfb-above-header-display":"","ast-hfb-below-header-display":"","ast-hfb-mobile-header-display":"","site-post-title":"","ast-breadcrumbs-content":"","ast-featured-img":"","footer-sml-layout":"","ast-disable-related-posts":"","theme-transparent-header-meta":"default","adv-header-id-meta":"","stick-header-meta":"","header-above-stick-meta":"","header-main-stick-meta":"","header-below-stick-meta":"","astra-migrate-meta-layouts":"set","ast-page-background-enabled":"default","ast-page-background-meta":{"desktop":{"background-color":"","background-image":"","background-repeat":"repeat","background-position":"center center","background-size":"auto","background-attachment":"scroll","background-type":"","background-media":"","overlay-type":"","overlay-color":"","overlay-opacity":"","overlay-gradient":""},"tablet":{"background-color":"","background-image":"","background-repeat":"repeat","background-position":"center center","background-size":"auto","background-attachment":"scroll","background-type":"","background-media":"","overlay-type":"","overlay-color":"","overlay-opacity":"","overlay-gradient":""},"mobile":{"background-color":"","background-image":"","background-repeat":"repeat","background-position":"center center","background-size":"auto","background-attachment":"scroll","background-type":"","background-media":"","overlay-type":"","overlay-color":"","overlay-opacity":"","overlay-gradient":""}},"ast-content-background-meta":{"desktop":{"background-color":"var(--ast-global-color-5)","background-image":"","background-repeat":"repeat","background-position":"center center","background-size":"auto","background-attachment":"scroll","background-type":"","background-media":"","overlay-type":"","overlay-color":"","overlay-opacity":"","overlay-gradient":""},"tablet":{"background-color":"var(--ast-global-color-5)","background-image":"","background-repeat":"repeat","background-position":"center center","background-size":"auto","background-attachment":"scroll","background-type":"","background-media":"","overlay-type":"","overlay-color":"","overlay-opacity":"","overlay-gradient":""},"mobile":{"background-color":"var(--ast-global-color-5)","background-image":"","background-repeat":"repeat","background-position":"center center","background-size":"auto","background-attachment":"scroll","background-type":"","background-media":"","overlay-type":"","overlay-color":"","overlay-opacity":"","overlay-gradient":""}}},"product_brand":[],"product_cat":[70,72],"product_tag":[132,147],"class_list":{"0":"post-4635","1":"product","2":"type-product","3":"status-publish","4":"has-post-thumbnail","6":"product_cat-fiction","7":"product_cat-paperbacks","8":"product_tag-novel","9":"product_tag-romance","10":"desktop-align-left","11":"tablet-align-left","12":"mobile-align-left","14":"first","15":"instock","16":"shipping-taxable","17":"purchasable","18":"product-type-simple"},"_links":{"self":[{"href":"https:\/\/www.croatiabooks.com.au\/index.php?rest_route=\/wp\/v2\/product\/4635","targetHints":{"allow":["GET"]}}],"collection":[{"href":"https:\/\/www.croatiabooks.com.au\/index.php?rest_route=\/wp\/v2\/product"}],"about":[{"href":"https:\/\/www.croatiabooks.com.au\/index.php?rest_route=\/wp\/v2\/types\/product"}],"version-history":[{"count":1,"href":"https:\/\/www.croatiabooks.com.au\/index.php?rest_route=\/wp\/v2\/product\/4635\/revisions"}],"predecessor-version":[{"id":4637,"href":"https:\/\/www.croatiabooks.com.au\/index.php?rest_route=\/wp\/v2\/product\/4635\/revisions\/4637"}],"wp:featuredmedia":[{"embeddable":true,"href":"https:\/\/www.croatiabooks.com.au\/index.php?rest_route=\/wp\/v2\/media\/4636"}],"wp:attachment":[{"href":"https:\/\/www.croatiabooks.com.au\/index.php?rest_route=%2Fwp%2Fv2%2Fmedia&parent=4635"}],"wp:term":[{"taxonomy":"product_brand","embeddable":true,"href":"https:\/\/www.croatiabooks.com.au\/index.php?rest_route=%2Fwp%2Fv2%2Fproduct_brand&post=4635"},{"taxonomy":"product_cat","embeddable":true,"href":"https:\/\/www.croatiabooks.com.au\/index.php?rest_route=%2Fwp%2Fv2%2Fproduct_cat&post=4635"},{"taxonomy":"product_tag","embeddable":true,"href":"https:\/\/www.croatiabooks.com.au\/index.php?rest_route=%2Fwp%2Fv2%2Fproduct_tag&post=4635"}],"curies":[{"name":"wp","href":"https:\/\/api.w.org\/{rel}","templated":true}]}}