{"id":4676,"date":"2024-06-26T07:02:39","date_gmt":"2024-06-26T07:02:39","guid":{"rendered":"https:\/\/www.croatiabooks.com.au\/?post_type=product&#038;p=4676"},"modified":"2024-06-26T07:06:55","modified_gmt":"2024-06-26T07:06:55","slug":"kazna-za-vojvodu","status":"publish","type":"product","link":"https:\/\/www.croatiabooks.com.au\/?product=kazna-za-vojvodu","title":{"rendered":"Kazna za vojvodu"},"content":{"rendered":"<div class=\"ygGdYd related-question-pair\" data-ved=\"2ahUKEwjew-SJkO7vAhWfzzgGHTNkBeUQq7kBKAF6BAgREAY\">\n<div id=\"_zLBuYN6tEZ-f4-EPs8iVqA432\" class=\"mWyH1d UgLoB\" tabindex=\"0\" role=\"button\" aria-controls=\"_zLBuYN6tEZ-f4-EPs8iVqA431\" aria-expanded=\"false\">\n<div class=\"cbphWd\" data-kt=\"Ki7x2vyts7O990mSiqOupr7Ogx39qoLkm86Rliu_wY6G4_OghhyMrryK2Ja-htcB\" data-hveid=\"CBEQBw\" data-ved=\"2ahUKEwjew-SJkO7vAhWfzzgGHTNkBeUQuk4oAHoECBEQBw\">O knjizi:<\/div>\n<div data-kt=\"Ki7x2vyts7O990mSiqOupr7Ogx39qoLkm86Rliu_wY6G4_OghhyMrryK2Ja-htcB\" data-hveid=\"CBEQBw\" data-ved=\"2ahUKEwjew-SJkO7vAhWfzzgGHTNkBeUQuk4oAHoECBEQBw\">\n<p><em>Kazna za vojvodu\u00a0<\/em>tre\u0107i je naslov u nevjerojatnoj novoj seriji romana\u00a0<em>Pravila lopova\u00a0<\/em>jedne od najprodavanijih autorica\u00a0<em>New York Timesa<\/em>.<\/p>\n<p>On je Vojvoda Ubojica, optu\u017een za ubojstvo Mare Lowe neposredno prije njezina vjen\u010danja. Bez ikakvog sje\u0107anja na tu sudbonosnu no\u0107, Temple vlada najmra\u010dnijim dijelovima Londona i svakim ringom ve\u0107 dvanaest godina, bogat i mo\u0107an, ali bez mogu\u0107nosti iskupljenja. Sve dok se ne uka\u017ee jedna dama, nude\u0107i upravo ono o \u010demu je sanjao: odrje\u0161enje.<br \/>\nMara vi\u0161e nikada nije planirala vratiti se u svijet iz kojeg je pobjegla, ali kada njezin brat izgubi sav imetak u Templeovoj ekskluzivnoj kockarnici, nema drugog izbora nego ponuditi Templeu razmjenu koja zavr\u0161ava njezinim povratkom u dru\u0161tvo i obznanjivanjem istine koju samo ona zna\u2026 Temple nije ubojica.<br \/>\n\u010cini se to kao po\u0161tena razmjena sve dok Temple ne shvati da u Mari \u2013 i njezinoj pro\u0161lost \u2013 postoji ne\u0161to vi\u0161e od onog \u0161to pokazuje. Da bi se odupro privla\u010dnosti ove misteriozne, nevjerojatne \u017eene bit \u0107e mu potrebno puno vi\u0161e snage nego u ringu kojim dominira vi\u0161e od desetlje\u0107a.<\/p>\n<h4>O autorici romana Kazna za vojvodu:<\/h4>\n<p>Sarah MacLean diplomirala je povijest na sveu\u010dili\u0161tima Smith i Harvard. Danas je jedna od najpopularnijih autorica ljubavnih romana u Americi. Do sada su joj na hrvatski prevedena dva roman:\u00a0<em>Nevaljalac ostaje nevaljalac\u00a0<\/em>i\u00a0<em>Grof tra\u017ei ljubavnicu.<\/em><\/p>\n<p>Preveo: Andrej Bukarica<\/p>\n<\/div>\n<\/div>\n<\/div>\n","protected":false},"excerpt":{"rendered":"<p><strong>Author: Sarah MacLean<\/strong><\/p>\n<p><strong>Broj stranica: <\/strong>408<\/p>\n<p><strong>Godina izdanja: <\/strong>2020<\/p>\n<p><strong>ISBN: <\/strong>9789531427937<\/p>\n<p><strong>Strani naslov: <\/strong>One Good Earl Deserves a Lover<\/p>\n<p><strong>Uvez: <\/strong>meki<\/p>\n<p><strong>Dimenzije: <\/strong>14 x 20 cm<\/p>\n<p><strong>Te\u017eina: <\/strong>440 g<\/p>\n<p><strong>Nakladnik:<\/strong>\u00a0Mozaik knjiga<\/p>\n","protected":false},"featured_media":4677,"template":"","meta":{"site-sidebar-layout":"default","site-content-layout":"default","ast-site-content-layout":"default","site-content-style":"default","site-sidebar-style":"default","ast-global-header-display":"","ast-banner-title-visibility":"","ast-main-header-display":"","ast-hfb-above-header-display":"","ast-hfb-below-header-display":"","ast-hfb-mobile-header-display":"","site-post-title":"","ast-breadcrumbs-content":"","ast-featured-img":"","footer-sml-layout":"","ast-disable-related-posts":"","theme-transparent-header-meta":"default","adv-header-id-meta":"","stick-header-meta":"","header-above-stick-meta":"","header-main-stick-meta":"","header-below-stick-meta":"","astra-migrate-meta-layouts":"set","ast-page-background-enabled":"default","ast-page-background-meta":{"desktop":{"background-color":"","background-image":"","background-repeat":"repeat","background-position":"center center","background-size":"auto","background-attachment":"scroll","background-type":"","background-media":"","overlay-type":"","overlay-color":"","overlay-opacity":"","overlay-gradient":""},"tablet":{"background-color":"","background-image":"","background-repeat":"repeat","background-position":"center center","background-size":"auto","background-attachment":"scroll","background-type":"","background-media":"","overlay-type":"","overlay-color":"","overlay-opacity":"","overlay-gradient":""},"mobile":{"background-color":"","background-image":"","background-repeat":"repeat","background-position":"center center","background-size":"auto","background-attachment":"scroll","background-type":"","background-media":"","overlay-type":"","overlay-color":"","overlay-opacity":"","overlay-gradient":""}},"ast-content-background-meta":{"desktop":{"background-color":"var(--ast-global-color-5)","background-image":"","background-repeat":"repeat","background-position":"center center","background-size":"auto","background-attachment":"scroll","background-type":"","background-media":"","overlay-type":"","overlay-color":"","overlay-opacity":"","overlay-gradient":""},"tablet":{"background-color":"var(--ast-global-color-5)","background-image":"","background-repeat":"repeat","background-position":"center center","background-size":"auto","background-attachment":"scroll","background-type":"","background-media":"","overlay-type":"","overlay-color":"","overlay-opacity":"","overlay-gradient":""},"mobile":{"background-color":"var(--ast-global-color-5)","background-image":"","background-repeat":"repeat","background-position":"center center","background-size":"auto","background-attachment":"scroll","background-type":"","background-media":"","overlay-type":"","overlay-color":"","overlay-opacity":"","overlay-gradient":""}}},"product_brand":[],"product_cat":[70,72],"product_tag":[132,147],"class_list":{"0":"post-4676","1":"product","2":"type-product","3":"status-publish","4":"has-post-thumbnail","6":"product_cat-fiction","7":"product_cat-paperbacks","8":"product_tag-novel","9":"product_tag-romance","10":"desktop-align-left","11":"tablet-align-left","12":"mobile-align-left","14":"first","15":"instock","16":"shipping-taxable","17":"purchasable","18":"product-type-simple"},"_links":{"self":[{"href":"https:\/\/www.croatiabooks.com.au\/index.php?rest_route=\/wp\/v2\/product\/4676","targetHints":{"allow":["GET"]}}],"collection":[{"href":"https:\/\/www.croatiabooks.com.au\/index.php?rest_route=\/wp\/v2\/product"}],"about":[{"href":"https:\/\/www.croatiabooks.com.au\/index.php?rest_route=\/wp\/v2\/types\/product"}],"version-history":[{"count":1,"href":"https:\/\/www.croatiabooks.com.au\/index.php?rest_route=\/wp\/v2\/product\/4676\/revisions"}],"predecessor-version":[{"id":4678,"href":"https:\/\/www.croatiabooks.com.au\/index.php?rest_route=\/wp\/v2\/product\/4676\/revisions\/4678"}],"wp:featuredmedia":[{"embeddable":true,"href":"https:\/\/www.croatiabooks.com.au\/index.php?rest_route=\/wp\/v2\/media\/4677"}],"wp:attachment":[{"href":"https:\/\/www.croatiabooks.com.au\/index.php?rest_route=%2Fwp%2Fv2%2Fmedia&parent=4676"}],"wp:term":[{"taxonomy":"product_brand","embeddable":true,"href":"https:\/\/www.croatiabooks.com.au\/index.php?rest_route=%2Fwp%2Fv2%2Fproduct_brand&post=4676"},{"taxonomy":"product_cat","embeddable":true,"href":"https:\/\/www.croatiabooks.com.au\/index.php?rest_route=%2Fwp%2Fv2%2Fproduct_cat&post=4676"},{"taxonomy":"product_tag","embeddable":true,"href":"https:\/\/www.croatiabooks.com.au\/index.php?rest_route=%2Fwp%2Fv2%2Fproduct_tag&post=4676"}],"curies":[{"name":"wp","href":"https:\/\/api.w.org\/{rel}","templated":true}]}}