{"id":4682,"date":"2024-06-26T07:11:55","date_gmt":"2024-06-26T07:11:55","guid":{"rendered":"https:\/\/www.croatiabooks.com.au\/?post_type=product&#038;p=4682"},"modified":"2024-06-26T07:16:25","modified_gmt":"2024-06-26T07:16:25","slug":"kad-zavodnik-sagrijesi","status":"publish","type":"product","link":"https:\/\/www.croatiabooks.com.au\/?product=kad-zavodnik-sagrijesi","title":{"rendered":"Kad zavodnik sagrije\u0161i"},"content":{"rendered":"<div class=\"ygGdYd related-question-pair\" data-ved=\"2ahUKEwjew-SJkO7vAhWfzzgGHTNkBeUQq7kBKAF6BAgREAY\">\n<div id=\"_zLBuYN6tEZ-f4-EPs8iVqA432\" class=\"mWyH1d UgLoB\" tabindex=\"0\" role=\"button\" aria-controls=\"_zLBuYN6tEZ-f4-EPs8iVqA431\" aria-expanded=\"false\">\n<div class=\"cbphWd\" data-kt=\"Ki7x2vyts7O990mSiqOupr7Ogx39qoLkm86Rliu_wY6G4_OghhyMrryK2Ja-htcB\" data-hveid=\"CBEQBw\" data-ved=\"2ahUKEwjew-SJkO7vAhWfzzgGHTNkBeUQuk4oAHoECBEQBw\">O knjizi:<\/div>\n<div data-kt=\"Ki7x2vyts7O990mSiqOupr7Ogx39qoLkm86Rliu_wY6G4_OghhyMrryK2Ja-htcB\" data-hveid=\"CBEQBw\" data-ved=\"2ahUKEwjew-SJkO7vAhWfzzgGHTNkBeUQuk4oAHoECBEQBw\">\n<p><em>Kad zavodnik sagrije\u0161i\u00a0<\/em>drugi je nastavak u serijalu\u00a0<em>Kako ukrotiti Carlisleove<\/em>.<\/p>\n<p>Annabelle Green treba mu\u017ea \u2013 i to brzo. Kako bi naslijedila jedini dom kojeg je ikad poznavala, mora se udati do svojeg dvadeset petog ro\u0111endana. Ali nakon \u0161to ju je jedne sudbonosne no\u0107i nemarni nevaljalac Quinton Carlisle zavede, njezin je ugled srozan, \u0161to samo ote\u017eava pronalazak supruga. Belle je potrebna pomo\u0107 i to\u010dno zna kome se obratiti\u2026<\/p>\n<p>Quinton je osupnut saznanjem da je srame\u017eljiva ljubiteljica knjiga koju je zadirkivao kao dje\u010dak postala sna\u017ena i drska ljepotica. Iako bi ispravno bilo da se Quinton o\u017eeni Belle kako bi se iskupio za svoje pogre\u0161ke, njihov je brak u najmanju ruku neizgledan\u2026 ali i neodoljivo primamljiv. \u0160teta \u0161to je brak zadnje \u0161to bi Quinton mogao po\u017eeljeti. Radije \u0107e pomo\u0107i zamamnoj Belle da prona\u0111e mu\u017ea i nastaviti svojim razvratnim putem. Ah, kad bi ljubav bila tako jednostavna.<\/p>\n<p>Ako Quinton ne uspije obuzdati privla\u010dnost koju osje\u0107a prema budu\u0107oj mladenci, njezina \u0107e budu\u0107nost izgorjeti u plamenu njegove putene \u017eelje.<\/p>\n<h4>O autorici romana Kad zavodnik sagrije\u0161i:<\/h4>\n<p>Anna Harrington zavoljela je povijesne romanse \u2013 i sve one ugla\u0111ene heroje doba regentstva \u2013 dok je \u017eivjela u Londonu, gdje je studirala knji\u017eevnost i dramaturgiju. Voli putovati, upravljati avionima i planinariti, a kad ne pi\u0161e svoj idu\u0107i roman, voli se brinuti za ru\u017ee u svom vrtu.<\/p>\n<\/div>\n<\/div>\n<\/div>\n","protected":false},"excerpt":{"rendered":"<p><strong>Author: Anna Harrington<\/strong><\/p>\n<p><strong>Broj stranica: <\/strong>307<\/p>\n<p><strong>Godina izdanja: <\/strong>2022.<\/p>\n<p><strong>ISBN: <\/strong>9789531431781<\/p>\n<p><strong>Strani naslov: <\/strong>When the Scoundrel Sins<\/p>\n<p><strong>Prevoditelj: <\/strong>Matej Kova\u010devi\u0107<\/p>\n<p><strong>Uvez: <\/strong>meki<\/p>\n<p><strong>Dimenzije: <\/strong>14 x 20 cm<\/p>\n<p><strong>Te\u017eina: <\/strong>350 g<\/p>\n<p><strong>Nakladnik:<\/strong>\u00a0Mozaik knjiga<\/p>\n","protected":false},"featured_media":4683,"template":"","meta":{"site-sidebar-layout":"default","site-content-layout":"default","ast-site-content-layout":"default","site-content-style":"default","site-sidebar-style":"default","ast-global-header-display":"","ast-banner-title-visibility":"","ast-main-header-display":"","ast-hfb-above-header-display":"","ast-hfb-below-header-display":"","ast-hfb-mobile-header-display":"","site-post-title":"","ast-breadcrumbs-content":"","ast-featured-img":"","footer-sml-layout":"","ast-disable-related-posts":"","theme-transparent-header-meta":"default","adv-header-id-meta":"","stick-header-meta":"","header-above-stick-meta":"","header-main-stick-meta":"","header-below-stick-meta":"","astra-migrate-meta-layouts":"set","ast-page-background-enabled":"default","ast-page-background-meta":{"desktop":{"background-color":"","background-image":"","background-repeat":"repeat","background-position":"center center","background-size":"auto","background-attachment":"scroll","background-type":"","background-media":"","overlay-type":"","overlay-color":"","overlay-opacity":"","overlay-gradient":""},"tablet":{"background-color":"","background-image":"","background-repeat":"repeat","background-position":"center center","background-size":"auto","background-attachment":"scroll","background-type":"","background-media":"","overlay-type":"","overlay-color":"","overlay-opacity":"","overlay-gradient":""},"mobile":{"background-color":"","background-image":"","background-repeat":"repeat","background-position":"center center","background-size":"auto","background-attachment":"scroll","background-type":"","background-media":"","overlay-type":"","overlay-color":"","overlay-opacity":"","overlay-gradient":""}},"ast-content-background-meta":{"desktop":{"background-color":"var(--ast-global-color-5)","background-image":"","background-repeat":"repeat","background-position":"center center","background-size":"auto","background-attachment":"scroll","background-type":"","background-media":"","overlay-type":"","overlay-color":"","overlay-opacity":"","overlay-gradient":""},"tablet":{"background-color":"var(--ast-global-color-5)","background-image":"","background-repeat":"repeat","background-position":"center center","background-size":"auto","background-attachment":"scroll","background-type":"","background-media":"","overlay-type":"","overlay-color":"","overlay-opacity":"","overlay-gradient":""},"mobile":{"background-color":"var(--ast-global-color-5)","background-image":"","background-repeat":"repeat","background-position":"center center","background-size":"auto","background-attachment":"scroll","background-type":"","background-media":"","overlay-type":"","overlay-color":"","overlay-opacity":"","overlay-gradient":""}}},"product_brand":[],"product_cat":[70,72],"product_tag":[132,147],"class_list":{"0":"post-4682","1":"product","2":"type-product","3":"status-publish","4":"has-post-thumbnail","6":"product_cat-fiction","7":"product_cat-paperbacks","8":"product_tag-novel","9":"product_tag-romance","10":"desktop-align-left","11":"tablet-align-left","12":"mobile-align-left","14":"first","15":"instock","16":"shipping-taxable","17":"purchasable","18":"product-type-simple"},"_links":{"self":[{"href":"https:\/\/www.croatiabooks.com.au\/index.php?rest_route=\/wp\/v2\/product\/4682","targetHints":{"allow":["GET"]}}],"collection":[{"href":"https:\/\/www.croatiabooks.com.au\/index.php?rest_route=\/wp\/v2\/product"}],"about":[{"href":"https:\/\/www.croatiabooks.com.au\/index.php?rest_route=\/wp\/v2\/types\/product"}],"version-history":[{"count":1,"href":"https:\/\/www.croatiabooks.com.au\/index.php?rest_route=\/wp\/v2\/product\/4682\/revisions"}],"predecessor-version":[{"id":4684,"href":"https:\/\/www.croatiabooks.com.au\/index.php?rest_route=\/wp\/v2\/product\/4682\/revisions\/4684"}],"wp:featuredmedia":[{"embeddable":true,"href":"https:\/\/www.croatiabooks.com.au\/index.php?rest_route=\/wp\/v2\/media\/4683"}],"wp:attachment":[{"href":"https:\/\/www.croatiabooks.com.au\/index.php?rest_route=%2Fwp%2Fv2%2Fmedia&parent=4682"}],"wp:term":[{"taxonomy":"product_brand","embeddable":true,"href":"https:\/\/www.croatiabooks.com.au\/index.php?rest_route=%2Fwp%2Fv2%2Fproduct_brand&post=4682"},{"taxonomy":"product_cat","embeddable":true,"href":"https:\/\/www.croatiabooks.com.au\/index.php?rest_route=%2Fwp%2Fv2%2Fproduct_cat&post=4682"},{"taxonomy":"product_tag","embeddable":true,"href":"https:\/\/www.croatiabooks.com.au\/index.php?rest_route=%2Fwp%2Fv2%2Fproduct_tag&post=4682"}],"curies":[{"name":"wp","href":"https:\/\/api.w.org\/{rel}","templated":true}]}}